{"id":34,"date":"2021-10-28T16:24:40","date_gmt":"2021-10-28T14:24:40","guid":{"rendered":"https:\/\/www.fedebon.fr\/48\/?page_id=34"},"modified":"2025-11-05T09:55:30","modified_gmt":"2025-11-05T08:55:30","slug":"un-artisan","status":"publish","type":"page","link":"https:\/\/www.fedebon.fr\/48\/les-avantages-des-cheques-fedebon48\/un-artisan\/","title":{"rendered":"Un artisan"},"content":{"rendered":"<p>[vc_row][vc_column][vc_custom_heading icon=\u00a0\u00bbstm-truck\u00a0\u00bb icon_size=\u00a0\u00bb50&Prime; text=\u00a0\u00bbVous \u00eates Artisan\u00a0\u00bb google_fonts=\u00a0\u00bbfont_family:Montserrat%3Aregular%2C700|font_style:400%20regular%3A400%3Anormal\u00a0\u00bb subtitle=\u00a0\u00bbet vous souhaitez&#8230;\u00a0\u00bb][vc_row_inner el_id=\u00a0\u00bbalignservice\u00a0\u00bb][vc_column_inner width=\u00a0\u00bb1\/2&Prime;][vc_column_text]Bien mieux qu&rsquo;une prime, <strong>le ch\u00e8que cadeau F\u00e9d\u00e9bon 48 est d\u00e9ductible et exon\u00e9r\u00e9 de charges sociales<\/strong> pour l&rsquo;entreprise et non imposable pour le salari\u00e9. <strong>Les F\u00e9d\u00e9bon 48 peuvent \u00eatre offerts \u00e0 tout moment de l&rsquo;ann\u00e9e<\/strong>, \u00e0 l&rsquo;occasion de nombreux \u00e9v\u00e9nements (mariage, naissance, retraite, f\u00eate des p\u00e8res et des m\u00e8res, No\u00ebl des salari\u00e9s\u2026).[\/vc_column_text][vc_empty_space][stm_icon_box hide_title_line=\u00a0\u00bbhide_title_line\u00a0\u00bb enable_hexagon=\u00a0\u00bbenable\u00a0\u00bb enable_hexagon_animation=\u00a0\u00bbenable\u00a0\u00bb v_align_middle=\u00a0\u00bbenable\u00a0\u00bb icon=\u00a0\u00bbstm-stats\u00a0\u00bb style=\u00a0\u00bbicon_left_transparent\u00a0\u00bb icon_size=\u00a0\u00bb32&Prime; icon_width=\u00a0\u00bb70&Prime; title=\u00a0\u00bbCapter de nouveaux acheteurs\u00a0\u00bb css=\u00a0\u00bb.vc_custom_1465302934664{margin-right: 30px !important;}\u00a0\u00bb][\/stm_icon_box][stm_icon_box hide_title_line=\u00a0\u00bbhide_title_line\u00a0\u00bb enable_hexagon=\u00a0\u00bbenable\u00a0\u00bb enable_hexagon_animation=\u00a0\u00bbenable\u00a0\u00bb v_align_middle=\u00a0\u00bbenable\u00a0\u00bb icon=\u00a0\u00bbfas fa-bullhorn\u00a0\u00bb style=\u00a0\u00bbicon_left\u00a0\u00bb icon_size=\u00a0\u00bb32&Prime; icon_width=\u00a0\u00bb70&Prime; title=\u00a0\u00bbEtre r\u00e9f\u00e9renc\u00e9 dans le plus grand r\u00e9seau de Loz\u00e8re de commer\u00e7ants\u00a0\u00bb css=\u00a0\u00bb.vc_custom_1636537894417{margin-right: 30px !important;}\u00a0\u00bb][\/stm_icon_box][stm_icon_box hide_title_line=\u00a0\u00bbhide_title_line\u00a0\u00bb enable_hexagon=\u00a0\u00bbenable\u00a0\u00bb enable_hexagon_animation=\u00a0\u00bbenable\u00a0\u00bb v_align_middle=\u00a0\u00bbenable\u00a0\u00bb icon=\u00a0\u00bbstm-nokia\u00a0\u00bb style=\u00a0\u00bbicon_left_transparent\u00a0\u00bb icon_size=\u00a0\u00bb32&Prime; icon_width=\u00a0\u00bb70&Prime; title=\u00a0\u00bbFid\u00e9liser votre client\u00e8le\u00a0\u00bb css=\u00a0\u00bb.vc_custom_1465303031634{margin-right: 30px !important;}\u00a0\u00bb][\/stm_icon_box][stm_icon_box hide_title_line=\u00a0\u00bbhide_title_line\u00a0\u00bb enable_hexagon=\u00a0\u00bbenable\u00a0\u00bb enable_hexagon_animation=\u00a0\u00bbenable\u00a0\u00bb v_align_middle=\u00a0\u00bbenable\u00a0\u00bb icon=\u00a0\u00bbstm-graph\u00a0\u00bb style=\u00a0\u00bbicon_left_transparent\u00a0\u00bb icon_size=\u00a0\u00bb32&Prime; icon_width=\u00a0\u00bb70&Prime; title=\u00a0\u00bbAugmenter votre chiffre d&rsquo;affaires\u00a0\u00bb css=\u00a0\u00bb.vc_custom_1476449736654{margin-right: 30px !important;}\u00a0\u00bb][\/stm_icon_box][\/vc_column_inner][vc_column_inner width=\u00a0\u00bb1\/2&Prime;][vc_custom_heading text=\u00a0\u00bbF\u00e9d\u00e9bon 48 vous int\u00e9resse ?\u00a0\u00bb google_fonts=\u00a0\u00bbfont_family:Montserrat%3Aregular%2C700|font_style:400%20regular%3A400%3Anormal\u00a0\u00bb][vc_cta h2=\u00a0\u00bbF\u00e9d\u00e9bon 48, \u00e0 quel taux de commission ?\u00a0\u00bb h2_font_container=\u00a0\u00bbtag:h2|font_size:20px|text_align:left|color:%230a0a0a|line_height:24px\u00a0\u00bb h2_use_theme_fonts=\u00a0\u00bbyes\u00a0\u00bb style=\u00a0\u00bbflat\u00a0\u00bb add_button=\u00a0\u00bbbottom\u00a0\u00bb btn_title=\u00a0\u00bbConvention commer\u00e7ant\u00a0\u00bb btn_style=\u00a0\u00bbflat\u00a0\u00bb btn_color=\u00a0\u00bbtheme_style_2&Prime; btn_align=\u00a0\u00bbcenter\u00a0\u00bb btn_i_icon_fontawesome=\u00a0\u00bbstm-stm14_fax\u00a0\u00bb css_animation=\u00a0\u00bbappear\u00a0\u00bb use_custom_fonts_h2=\u00a0\u00bbtrue\u00a0\u00bb btn_button_block=\u00a0\u00bbtrue\u00a0\u00bb btn_add_icon=\u00a0\u00bbtrue\u00a0\u00bb btn_link=\u00a0\u00bburl:https%3A%2F%2Fwww.fedebon.fr%2F48%2Fwp-content%2Fuploads%2Fsites%2F9%2F2023%2F02%2Fconvention-commercants.pdf\u00a0\u00bb el_class=\u00a0\u00bbthird_bg_color\u00a0\u00bb css=\u00a0\u00bb.vc_custom_1675933642979{padding-top: 20px !important;padding-right: 20px !important;padding-bottom: 20px !important;padding-left: 20px !important;background-color: #f4f4f4 !important;border-radius: 5px !important;}\u00a0\u00bb]<\/p>\n<ul>\n<li>5%* si vous \u00eates adh\u00e9rent \u00e0 une association de commer\u00e7ants qui adh\u00e8re elle-m\u00eame \u00e0 la F\u00e9d\u00e9ration D\u00e9partementale des Associations de Commer\u00e7ants de la Loz\u00e8re ;<\/li>\n<li>5%* si vous ne pouvez pas adh\u00e9rer \u00e0 une association de commer\u00e7ants en raison de votre \u00e9loignement g\u00e9ographique ;<\/li>\n<li>10%* si vous ne souhaitez pas adh\u00e9rer \u00e0 une association de commer\u00e7ants.<\/li>\n<\/ul>\n<p>*sur le montant total de bons d&rsquo;achat re\u00e7us et non sur le montant global de l&rsquo;achat, en sachant que 10 \u20ac de ch\u00e8ques-cadeaux g\u00e9n\u00e8rent en moyenne 30 \u20ac d&rsquo;achat.<\/p>\n<p>Hormis la commission, aucune autre contrepartie financi\u00e8re ne vous est demand\u00e9e.<\/p>\n<p><strong>\u00a0<\/strong>[\/vc_cta][vc_column_text css=\u00a0\u00bb.vc_custom_1675933758769{padding-top: 20px !important;padding-right: 20px !important;padding-bottom: 20px !important;padding-left: 20px !important;background-color: #243188 !important;border-radius: 5px !important;}\u00a0\u00bb]<\/p>\n<h3><span style=\"color: #ffffff;\">Pour accepter les F\u00e9d\u00e9bon 48, Il vous suffit de :<\/span><\/h3>\n<ul>\n<li><span style=\"color: #ffffff;\">Vous engager \u00e0 accepter les ch\u00e8ques-cadeaux F\u00e9d\u00e9bon 48 en retournant la<br \/>\n\u00ab <a style=\"color: #ffffff;\" href=\"https:\/\/www.fedebon.fr\/48\/wp-content\/uploads\/sites\/9\/2023\/02\/convention-commercants.pdf\">convention commer\u00e7ant<\/a>\u00a0\u00bb \u00e0 la F\u00e9d\u00e9 48 ;<\/span><\/li>\n<li><span style=\"color: #ffffff;\">Coller une vitrophanie (autocollant) sur votre vitrine pour \u00eatre facilement rep\u00e9rable par vos clients.<\/span><\/li>\n<\/ul>\n<p><span style=\"color: #000000;\"><img loading=\"lazy\" class=\"aligncenter wp-image-2234 size-full\" src=\"https:\/\/www.fedebon.fr\/11\/wp-content\/uploads\/sites\/2\/2016\/04\/montage.jpg\" alt=\"montage\" width=\"400\" height=\"148\" \/><\/span>[\/vc_column_text][\/vc_column_inner][\/vc_row_inner][\/vc_column][\/vc_row][vc_row][vc_column][vc_single_image image=\u00a0\u00bb2465&Prime; img_size=\u00a0\u00bbfull\u00a0\u00bb alignment=\u00a0\u00bbcenter\u00a0\u00bb css_animation=\u00a0\u00bbappear\u00a0\u00bb][vc_empty_space][vc_text_separator title=\u00a0\u00bbInformations compl\u00e9mentaires\u00a0\u00bb i_icon_fontawesome=\u00a0\u00bbfa fa-info-circle\u00a0\u00bb add_icon=\u00a0\u00bbtrue\u00a0\u00bb][vc_row_inner][vc_column_inner width=\u00a0\u00bb1\/2&Prime;][vc_column_text]<\/p>\n<ul>\n<li><a href=\"https:\/\/www.fedebon.fr\/48\/wp-content\/uploads\/sites\/9\/2025\/01\/Circulaire-ACOSS.pdf\">R\u00e9glementation URSSAF<\/a><\/li>\n<li><a href=\"https:\/\/www.fedebon.fr\/48\/wp-content\/uploads\/sites\/9\/2021\/10\/Conditions-generales.pdf\">Conditions g\u00e9n\u00e9rales de vente<\/a><\/li>\n<\/ul>\n<p>[\/vc_column_text][\/vc_column_inner][vc_column_inner width=\u00a0\u00bb1\/2&Prime;][vc_column_text]<\/p>\n<ul>\n<li><a href=\"https:\/\/www.fedebon.fr\/48\/wp-content\/uploads\/sites\/9\/2025\/11\/BC-CE-Entreprises.-Collectivites.pdf\">FEDEBON 48 &#8211; Bon de commande<\/a><\/li>\n<li><a href=\"https:\/\/www.fedebon.fr\/48\/wp-content\/uploads\/sites\/9\/2021\/11\/convention-commercants.pdf\">FEDEBON 48 &#8211; Convention commer\u00e7ant<\/a><\/li>\n<\/ul>\n<p>[\/vc_column_text][\/vc_column_inner][\/vc_row_inner][\/vc_column][\/vc_row][vc_row][vc_column][vc_empty_space][\/vc_column][\/vc_row][vc_row full_width=\u00a0\u00bbstretch_row\u00a0\u00bb css=\u00a0\u00bb.vc_custom_1466157524387{margin-bottom: -60px !important;background-color: #fbba00 !important;}\u00a0\u00bb el_class=\u00a0\u00bbthird_bg_color\u00a0\u00bb][vc_column][vc_cta h2=\u00a0\u00bbBesoin d&rsquo;un renseignement ?\u00a0\u00bb h2_font_container=\u00a0\u00bbfont_size:20px|color:%23000000|line_height:24px\u00a0\u00bb h2_use_theme_fonts=\u00a0\u00bbyes\u00a0\u00bb shape=\u00a0\u00bbsquare\u00a0\u00bb style=\u00a0\u00bbflat\u00a0\u00bb add_button=\u00a0\u00bbright\u00a0\u00bb btn_title=\u00a0\u00bbNous contacter\u00a0\u00bb btn_style=\u00a0\u00bbflat\u00a0\u00bb btn_color=\u00a0\u00bbtheme_style_2&Prime; btn_align=\u00a0\u00bbright\u00a0\u00bb btn_i_align=\u00a0\u00bbright\u00a0\u00bb btn_i_icon_fontawesome=\u00a0\u00bbfa fa-arrow-right\u00a0\u00bb use_custom_fonts_h2=\u00a0\u00bbtrue\u00a0\u00bb btn_button_block=\u00a0\u00bbtrue\u00a0\u00bb btn_add_icon=\u00a0\u00bbtrue\u00a0\u00bb el_class=\u00a0\u00bbthird_bg_color\u00a0\u00bb css=\u00a0\u00bb.vc_custom_1465310707329{margin-bottom: 0px !important;background-color: #fbba00 !important;}\u00a0\u00bb btn_link=\u00a0\u00bburl:http%3A%2F%2Fwww.fedebon.fr%2F48%2Fcontact%2F||\u00a0\u00bb][\/vc_cta][\/vc_column][\/vc_row]<\/p>\n","protected":false},"excerpt":{"rendered":"<p>[vc_row][vc_column][vc_custom_heading icon=\u00a0\u00bbstm-truck\u00a0\u00bb icon_size=\u00a0\u00bb50&Prime; text=\u00a0\u00bbVous \u00eates Artisan\u00a0\u00bb google_fonts=\u00a0\u00bbfont_family:Montserrat%3Aregular%2C700|font_style:400%20regular%3A400%3Anormal\u00a0\u00bb subtitle=\u00a0\u00bbet vous souhaitez&#8230;\u00a0\u00bb][vc_row_inner el_id=\u00a0\u00bbalignservice\u00a0\u00bb][vc_column_inner width=\u00a0\u00bb1\/2&Prime;][vc_column_text]Bien mieux qu&rsquo;une prime, le ch\u00e8que cadeau F\u00e9d\u00e9bon 48 est d\u00e9ductible et exon\u00e9r\u00e9 de charges sociales pour l&rsquo;entreprise et non imposable pour le salari\u00e9. Les F\u00e9d\u00e9bon 48 peuvent \u00eatre offerts \u00e0 tout moment de l&rsquo;ann\u00e9e, \u00e0 l&rsquo;occasion de nombreux \u00e9v\u00e9nements (mariage, naissance, retraite, f\u00eate<\/p>\n","protected":false},"author":1,"featured_media":0,"parent":29,"menu_order":0,"comment_status":"closed","ping_status":"closed","template":"","meta":[],"yoast_head":"<!-- This site is optimized with the Yoast SEO plugin v19.4 - https:\/\/yoast.com\/wordpress\/plugins\/seo\/ -->\n<title>Un artisan - F\u00e9d\u00e9bon 48<\/title>\n<meta name=\"robots\" content=\"index, follow, max-snippet:-1, max-image-preview:large, max-video-preview:-1\" \/>\n<link rel=\"canonical\" href=\"https:\/\/www.fedebon.fr\/48\/les-avantages-des-cheques-fedebon48\/un-artisan\/\" \/>\n<meta property=\"og:locale\" content=\"fr_FR\" \/>\n<meta property=\"og:type\" content=\"article\" \/>\n<meta property=\"og:title\" content=\"Un artisan - F\u00e9d\u00e9bon 48\" \/>\n<meta property=\"og:description\" content=\"[vc_row][vc_column][vc_custom_heading icon=\u00a0\u00bbstm-truck\u00a0\u00bb icon_size=\u00a0\u00bb50&Prime; text=\u00a0\u00bbVous \u00eates Artisan\u00a0\u00bb google_fonts=\u00a0\u00bbfont_family:Montserrat%3Aregular%2C700|font_style:400%20regular%3A400%3Anormal\u00a0\u00bb subtitle=\u00a0\u00bbet vous souhaitez&#8230;\u00a0\u00bb][vc_row_inner el_id=\u00a0\u00bbalignservice\u00a0\u00bb][vc_column_inner width=\u00a0\u00bb1\/2&Prime;][vc_column_text]Bien mieux qu&rsquo;une prime, le ch\u00e8que cadeau F\u00e9d\u00e9bon 48 est d\u00e9ductible et exon\u00e9r\u00e9 de charges sociales pour l&rsquo;entreprise et non imposable pour le salari\u00e9. Les F\u00e9d\u00e9bon 48 peuvent \u00eatre offerts \u00e0 tout moment de l&rsquo;ann\u00e9e, \u00e0 l&rsquo;occasion de nombreux \u00e9v\u00e9nements (mariage, naissance, retraite, f\u00eate\" \/>\n<meta property=\"og:url\" content=\"https:\/\/www.fedebon.fr\/48\/les-avantages-des-cheques-fedebon48\/un-artisan\/\" \/>\n<meta property=\"og:site_name\" content=\"F\u00e9d\u00e9bon 48\" \/>\n<meta property=\"article:publisher\" content=\"https:\/\/www.facebook.com\/Fedebon11-1564123283891006\/\" \/>\n<meta property=\"article:modified_time\" content=\"2025-11-05T08:55:30+00:00\" \/>\n<meta property=\"og:image\" content=\"https:\/\/www.fedebon.fr\/11\/wp-content\/uploads\/sites\/2\/2016\/04\/montage.jpg\" \/>\n<meta name=\"twitter:label1\" content=\"Dur\u00e9e de lecture estim\u00e9e\" \/>\n\t<meta name=\"twitter:data1\" content=\"2 minutes\" \/>\n<script type=\"application\/ld+json\" class=\"yoast-schema-graph\">{\"@context\":\"https:\/\/schema.org\",\"@graph\":[{\"@type\":\"WebSite\",\"@id\":\"https:\/\/www.fedebon.fr\/48\/#website\",\"url\":\"https:\/\/www.fedebon.fr\/48\/\",\"name\":\"F\u00e9d\u00e9bon 48\",\"description\":\"F\u00e9d\u00e9bon 48 est un ch\u00e8que cadeau mis \u00e0 la disposition des entreprises, collectivit\u00e9s, et des comit\u00e9s d&#039;entreprise.\",\"potentialAction\":[{\"@type\":\"SearchAction\",\"target\":{\"@type\":\"EntryPoint\",\"urlTemplate\":\"https:\/\/www.fedebon.fr\/48\/?s={search_term_string}\"},\"query-input\":\"required name=search_term_string\"}],\"inLanguage\":\"fr-FR\"},{\"@type\":\"WebPage\",\"@id\":\"https:\/\/www.fedebon.fr\/48\/les-avantages-des-cheques-fedebon48\/un-artisan\/\",\"url\":\"https:\/\/www.fedebon.fr\/48\/les-avantages-des-cheques-fedebon48\/un-artisan\/\",\"name\":\"Un artisan - F\u00e9d\u00e9bon 48\",\"isPartOf\":{\"@id\":\"https:\/\/www.fedebon.fr\/48\/#website\"},\"datePublished\":\"2021-10-28T14:24:40+00:00\",\"dateModified\":\"2025-11-05T08:55:30+00:00\",\"breadcrumb\":{\"@id\":\"https:\/\/www.fedebon.fr\/48\/les-avantages-des-cheques-fedebon48\/un-artisan\/#breadcrumb\"},\"inLanguage\":\"fr-FR\",\"potentialAction\":[{\"@type\":\"ReadAction\",\"target\":[\"https:\/\/www.fedebon.fr\/48\/les-avantages-des-cheques-fedebon48\/un-artisan\/\"]}]},{\"@type\":\"BreadcrumbList\",\"@id\":\"https:\/\/www.fedebon.fr\/48\/les-avantages-des-cheques-fedebon48\/un-artisan\/#breadcrumb\",\"itemListElement\":[{\"@type\":\"ListItem\",\"position\":1,\"name\":\"Accueil\",\"item\":\"https:\/\/www.fedebon.fr\/48\/\"},{\"@type\":\"ListItem\",\"position\":2,\"name\":\"Les avantages des ch\u00e8ques-cadeaux F\u00e9d\u00e9bon 48\",\"item\":\"https:\/\/www.fedebon.fr\/48\/les-avantages-des-cheques-fedebon48\/\"},{\"@type\":\"ListItem\",\"position\":3,\"name\":\"Un artisan\"}]}]}<\/script>\n<!-- \/ Yoast SEO plugin. -->","yoast_head_json":{"title":"Un artisan - F\u00e9d\u00e9bon 48","robots":{"index":"index","follow":"follow","max-snippet":"max-snippet:-1","max-image-preview":"max-image-preview:large","max-video-preview":"max-video-preview:-1"},"canonical":"https:\/\/www.fedebon.fr\/48\/les-avantages-des-cheques-fedebon48\/un-artisan\/","og_locale":"fr_FR","og_type":"article","og_title":"Un artisan - F\u00e9d\u00e9bon 48","og_description":"[vc_row][vc_column][vc_custom_heading icon=\u00a0\u00bbstm-truck\u00a0\u00bb icon_size=\u00a0\u00bb50&Prime; text=\u00a0\u00bbVous \u00eates Artisan\u00a0\u00bb google_fonts=\u00a0\u00bbfont_family:Montserrat%3Aregular%2C700|font_style:400%20regular%3A400%3Anormal\u00a0\u00bb subtitle=\u00a0\u00bbet vous souhaitez&#8230;\u00a0\u00bb][vc_row_inner el_id=\u00a0\u00bbalignservice\u00a0\u00bb][vc_column_inner width=\u00a0\u00bb1\/2&Prime;][vc_column_text]Bien mieux qu&rsquo;une prime, le ch\u00e8que cadeau F\u00e9d\u00e9bon 48 est d\u00e9ductible et exon\u00e9r\u00e9 de charges sociales pour l&rsquo;entreprise et non imposable pour le salari\u00e9. Les F\u00e9d\u00e9bon 48 peuvent \u00eatre offerts \u00e0 tout moment de l&rsquo;ann\u00e9e, \u00e0 l&rsquo;occasion de nombreux \u00e9v\u00e9nements (mariage, naissance, retraite, f\u00eate","og_url":"https:\/\/www.fedebon.fr\/48\/les-avantages-des-cheques-fedebon48\/un-artisan\/","og_site_name":"F\u00e9d\u00e9bon 48","article_publisher":"https:\/\/www.facebook.com\/Fedebon11-1564123283891006\/","article_modified_time":"2025-11-05T08:55:30+00:00","og_image":[{"url":"https:\/\/www.fedebon.fr\/11\/wp-content\/uploads\/sites\/2\/2016\/04\/montage.jpg"}],"twitter_misc":{"Dur\u00e9e de lecture estim\u00e9e":"2 minutes"},"schema":{"@context":"https:\/\/schema.org","@graph":[{"@type":"WebSite","@id":"https:\/\/www.fedebon.fr\/48\/#website","url":"https:\/\/www.fedebon.fr\/48\/","name":"F\u00e9d\u00e9bon 48","description":"F\u00e9d\u00e9bon 48 est un ch\u00e8que cadeau mis \u00e0 la disposition des entreprises, collectivit\u00e9s, et des comit\u00e9s d&#039;entreprise.","potentialAction":[{"@type":"SearchAction","target":{"@type":"EntryPoint","urlTemplate":"https:\/\/www.fedebon.fr\/48\/?s={search_term_string}"},"query-input":"required name=search_term_string"}],"inLanguage":"fr-FR"},{"@type":"WebPage","@id":"https:\/\/www.fedebon.fr\/48\/les-avantages-des-cheques-fedebon48\/un-artisan\/","url":"https:\/\/www.fedebon.fr\/48\/les-avantages-des-cheques-fedebon48\/un-artisan\/","name":"Un artisan - F\u00e9d\u00e9bon 48","isPartOf":{"@id":"https:\/\/www.fedebon.fr\/48\/#website"},"datePublished":"2021-10-28T14:24:40+00:00","dateModified":"2025-11-05T08:55:30+00:00","breadcrumb":{"@id":"https:\/\/www.fedebon.fr\/48\/les-avantages-des-cheques-fedebon48\/un-artisan\/#breadcrumb"},"inLanguage":"fr-FR","potentialAction":[{"@type":"ReadAction","target":["https:\/\/www.fedebon.fr\/48\/les-avantages-des-cheques-fedebon48\/un-artisan\/"]}]},{"@type":"BreadcrumbList","@id":"https:\/\/www.fedebon.fr\/48\/les-avantages-des-cheques-fedebon48\/un-artisan\/#breadcrumb","itemListElement":[{"@type":"ListItem","position":1,"name":"Accueil","item":"https:\/\/www.fedebon.fr\/48\/"},{"@type":"ListItem","position":2,"name":"Les avantages des ch\u00e8ques-cadeaux F\u00e9d\u00e9bon 48","item":"https:\/\/www.fedebon.fr\/48\/les-avantages-des-cheques-fedebon48\/"},{"@type":"ListItem","position":3,"name":"Un artisan"}]}]}},"_links":{"self":[{"href":"https:\/\/www.fedebon.fr\/48\/wp-json\/wp\/v2\/pages\/34"}],"collection":[{"href":"https:\/\/www.fedebon.fr\/48\/wp-json\/wp\/v2\/pages"}],"about":[{"href":"https:\/\/www.fedebon.fr\/48\/wp-json\/wp\/v2\/types\/page"}],"author":[{"embeddable":true,"href":"https:\/\/www.fedebon.fr\/48\/wp-json\/wp\/v2\/users\/1"}],"replies":[{"embeddable":true,"href":"https:\/\/www.fedebon.fr\/48\/wp-json\/wp\/v2\/comments?post=34"}],"version-history":[{"count":20,"href":"https:\/\/www.fedebon.fr\/48\/wp-json\/wp\/v2\/pages\/34\/revisions"}],"predecessor-version":[{"id":855,"href":"https:\/\/www.fedebon.fr\/48\/wp-json\/wp\/v2\/pages\/34\/revisions\/855"}],"up":[{"embeddable":true,"href":"https:\/\/www.fedebon.fr\/48\/wp-json\/wp\/v2\/pages\/29"}],"wp:attachment":[{"href":"https:\/\/www.fedebon.fr\/48\/wp-json\/wp\/v2\/media?parent=34"}],"curies":[{"name":"wp","href":"https:\/\/api.w.org\/{rel}","templated":true}]}}