{"id":29,"date":"2021-10-28T16:16:57","date_gmt":"2021-10-28T14:16:57","guid":{"rendered":"https:\/\/www.fedebon.fr\/48\/?page_id=29"},"modified":"2021-11-23T15:21:35","modified_gmt":"2021-11-23T14:21:35","slug":"les-avantages-des-cheques-fedebon48","status":"publish","type":"page","link":"https:\/\/www.fedebon.fr\/48\/les-avantages-des-cheques-fedebon48\/","title":{"rendered":"Les avantages des ch\u00e8ques-cadeaux F\u00e9d\u00e9bon 48"},"content":{"rendered":"<p>[vc_row][vc_column][vc_custom_heading text=\u00a0\u00bbCe que F\u00e9d\u00e9bon 48 peut vous apporter\u00a0\u00bb google_fonts=\u00a0\u00bbfont_family:Montserrat%3Aregular%2C700|font_style:400%20regular%3A400%3Anormal\u00a0\u00bb subtitle=\u00a0\u00bbChoisissez la cat\u00e9gorie qui vous correspond :\u00a0\u00bb][vc_empty_space][\/vc_column][\/vc_row][vc_row][vc_column width=\u00a0\u00bb1\/3&Prime; css=\u00a0\u00bb.vc_custom_1464181327937{border-radius: 3px !important;}\u00a0\u00bb][vc_custom_heading icon=\u00a0\u00bbfas fa-shopping-bag\u00a0\u00bb icon_size=\u00a0\u00bb50&Prime; text=\u00a0\u00bbCommer\u00e7ant\u00a0\u00bb font_container=\u00a0\u00bbtag:h3|text_align:left\u00a0\u00bb google_fonts=\u00a0\u00bbfont_family:Montserrat%3Aregular%2C700|font_style:400%20regular%3A400%3Anormal\u00a0\u00bb subtitle=\u00a0\u00bbUne bonne fa\u00e7on de fid\u00e9liser votre client\u00e8le !\u00a0\u00bb link=\u00a0\u00bburl:https%3A%2F%2Fwww.fedebon.fr%2F48%2Fles-avantages-des-cheques-fedebon48%2Fun-commercant%2F\u00a0\u00bb][vc_btn title=\u00a0\u00bb+ d&rsquo;infos\u00a0\u00bb style=\u00a0\u00bbflat\u00a0\u00bb color=\u00a0\u00bbtheme_style_1&Prime; align=\u00a0\u00bbleft\u00a0\u00bb i_icon_fontawesome=\u00a0\u00bb\u00a0\u00bb css_animation=\u00a0\u00bbright-to-left\u00a0\u00bb add_icon=\u00a0\u00bbtrue\u00a0\u00bb link=\u00a0\u00bburl:https%3A%2F%2Fwww.fedebon.fr%2F48%2Fles-avantages-des-cheques-fedebon48%2Fun-commercant%2F\u00a0\u00bb css=\u00a0\u00bb.vc_custom_1636466490098{padding-left: 80px !important;}\u00a0\u00bb][vc_empty_space height=\u00a0\u00bb60px\u00a0\u00bb][\/vc_column][vc_column width=\u00a0\u00bb1\/3&Prime;][vc_custom_heading icon=\u00a0\u00bbstm-truck\u00a0\u00bb icon_size=\u00a0\u00bb50&Prime; text=\u00a0\u00bbArtisan\u00a0\u00bb font_container=\u00a0\u00bbtag:h3|text_align:left\u00a0\u00bb google_fonts=\u00a0\u00bbfont_family:Montserrat%3Aregular%2C700|font_style:400%20regular%3A400%3Anormal\u00a0\u00bb link=\u00a0\u00bburl:https%3A%2F%2Fwww.fedebon.fr%2F48%2Fles-avantages-des-cheques-fedebon48%2Fun-artisan%2F\u00a0\u00bb subtitle=\u00a0\u00bbAugmentez votre chiffre d&rsquo;affaires avec F\u00e9d\u00e9bon48.\u00a0\u00bb][vc_btn title=\u00a0\u00bb+ d&rsquo;infos\u00a0\u00bb style=\u00a0\u00bbflat\u00a0\u00bb color=\u00a0\u00bbtheme_style_1&Prime; align=\u00a0\u00bbleft\u00a0\u00bb i_icon_fontawesome=\u00a0\u00bb\u00a0\u00bb css_animation=\u00a0\u00bbright-to-left\u00a0\u00bb add_icon=\u00a0\u00bbtrue\u00a0\u00bb link=\u00a0\u00bburl:https%3A%2F%2Fwww.fedebon.fr%2F48%2Fles-avantages-des-cheques-fedebon48%2Fun-artisan%2F\u00a0\u00bb css=\u00a0\u00bb.vc_custom_1636466498996{padding-left: 80px !important;}\u00a0\u00bb][vc_empty_space height=\u00a0\u00bb60px\u00a0\u00bb][\/vc_column][vc_column width=\u00a0\u00bb1\/3&Prime;][vc_custom_heading icon=\u00a0\u00bbfas fa-child\u00a0\u00bb icon_size=\u00a0\u00bb50&Prime; text=\u00a0\u00bbSalari\u00e9\u00a0\u00bb font_container=\u00a0\u00bbtag:h3|text_align:left\u00a0\u00bb google_fonts=\u00a0\u00bbfont_family:Montserrat%3Aregular%2C700|font_style:400%20regular%3A400%3Anormal\u00a0\u00bb link=\u00a0\u00bburl:https%3A%2F%2Fwww.fedebon.fr%2F48%2Fles-avantages-des-cheques-fedebon48%2Fun-salarie%2F\u00a0\u00bb subtitle=\u00a0\u00bbUtilisez les ch\u00e8ques cadeaux offerts par votre employeur ou votre CE\u00a0\u00bb][vc_btn title=\u00a0\u00bb+ d&rsquo;infos\u00a0\u00bb style=\u00a0\u00bbflat\u00a0\u00bb color=\u00a0\u00bbtheme_style_1&Prime; align=\u00a0\u00bbleft\u00a0\u00bb i_icon_fontawesome=\u00a0\u00bb\u00a0\u00bb css_animation=\u00a0\u00bbright-to-left\u00a0\u00bb add_icon=\u00a0\u00bbtrue\u00a0\u00bb link=\u00a0\u00bburl:https%3A%2F%2Fwww.fedebon.fr%2F48%2Fles-avantages-des-cheques-fedebon48%2Fun-salarie%2F\u00a0\u00bb css=\u00a0\u00bb.vc_custom_1636466507665{padding-left: 80px !important;}\u00a0\u00bb][vc_empty_space height=\u00a0\u00bb60px\u00a0\u00bb][\/vc_column][\/vc_row][vc_row][vc_column width=\u00a0\u00bb1\/3&Prime;][vc_custom_heading icon=\u00a0\u00bbstm-mans\u00a0\u00bb icon_size=\u00a0\u00bb50&Prime; text=\u00a0\u00bbComit\u00e9 d&rsquo;entreprise\u00a0\u00bb font_container=\u00a0\u00bbtag:h3|text_align:left\u00a0\u00bb google_fonts=\u00a0\u00bbfont_family:Montserrat%3Aregular%2C700|font_style:400%20regular%3A400%3Anormal\u00a0\u00bb link=\u00a0\u00bburl:https%3A%2F%2Fwww.fedebon.fr%2F48%2Fles-avantages-des-cheques-fedebon48%2Fun-comite-dentreprise%2F\u00a0\u00bb subtitle=\u00a0\u00bbR\u00e9compensez vos coll\u00e8gues salari\u00e9s.\u00a0\u00bb][vc_btn title=\u00a0\u00bb+ d&rsquo;infos\u00a0\u00bb style=\u00a0\u00bbflat\u00a0\u00bb color=\u00a0\u00bbtheme_style_1&Prime; align=\u00a0\u00bbleft\u00a0\u00bb i_icon_fontawesome=\u00a0\u00bb\u00a0\u00bb css_animation=\u00a0\u00bbright-to-left\u00a0\u00bb add_icon=\u00a0\u00bbtrue\u00a0\u00bb link=\u00a0\u00bburl:https%3A%2F%2Fwww.fedebon.fr%2F48%2Fles-avantages-des-cheques-fedebon48%2Fun-comite-dentreprise%2F\u00a0\u00bb css=\u00a0\u00bb.vc_custom_1636466533324{padding-left: 80px !important;}\u00a0\u00bb][vc_empty_space height=\u00a0\u00bb60px\u00a0\u00bb][\/vc_column][vc_column width=\u00a0\u00bb1\/3&Prime;][vc_custom_heading icon=\u00a0\u00bbstm-nokia\u00a0\u00bb icon_size=\u00a0\u00bb50&Prime; text=\u00a0\u00bbCollectivit\u00e9\u00a0\u00bb font_container=\u00a0\u00bbtag:h3|text_align:left\u00a0\u00bb google_fonts=\u00a0\u00bbfont_family:Montserrat%3Aregular%2C700|font_style:400%20regular%3A400%3Anormal\u00a0\u00bb link=\u00a0\u00bburl:https%3A%2F%2Fwww.fedebon.fr%2F48%2Fles-avantages-des-cheques-fedebon48%2Fune-collectivite%2F\u00a0\u00bb subtitle=\u00a0\u00bbMotivez, stimulez ou r\u00e9compensez vos agents.\u00a0\u00bb][vc_btn title=\u00a0\u00bb+ d&rsquo;infos\u00a0\u00bb style=\u00a0\u00bbflat\u00a0\u00bb color=\u00a0\u00bbtheme_style_1&Prime; align=\u00a0\u00bbleft\u00a0\u00bb i_icon_fontawesome=\u00a0\u00bb\u00a0\u00bb css_animation=\u00a0\u00bbright-to-left\u00a0\u00bb add_icon=\u00a0\u00bbtrue\u00a0\u00bb link=\u00a0\u00bburl:https%3A%2F%2Fwww.fedebon.fr%2F48%2Fles-avantages-des-cheques-fedebon48%2Fune-collectivite%2F\u00a0\u00bb css=\u00a0\u00bb.vc_custom_1636466544289{padding-left: 80px !important;}\u00a0\u00bb][\/vc_column][vc_column width=\u00a0\u00bb1\/3&Prime;][vc_custom_heading icon=\u00a0\u00bbfas fa-briefcase\u00a0\u00bb icon_size=\u00a0\u00bb50&Prime; text=\u00a0\u00bbChef d&rsquo;entreprise\u00a0\u00bb font_container=\u00a0\u00bbtag:h3|text_align:left\u00a0\u00bb google_fonts=\u00a0\u00bbfont_family:Montserrat%3Aregular%2C700|font_style:400%20regular%3A400%3Anormal\u00a0\u00bb link=\u00a0\u00bburl:https%3A%2F%2Fwww.fedebon.fr%2F48%2Fles-avantages-des-cheques-fedebon48%2Fun-chef-dentreprise%2F\u00a0\u00bb subtitle=\u00a0\u00bbMotivez et r\u00e9compensez vos employ\u00e9s.\u00a0\u00bb][vc_btn title=\u00a0\u00bb+ d&rsquo;infos\u00a0\u00bb style=\u00a0\u00bbflat\u00a0\u00bb color=\u00a0\u00bbtheme_style_1&Prime; align=\u00a0\u00bbleft\u00a0\u00bb i_icon_fontawesome=\u00a0\u00bb\u00a0\u00bb css_animation=\u00a0\u00bbright-to-left\u00a0\u00bb add_icon=\u00a0\u00bbtrue\u00a0\u00bb link=\u00a0\u00bburl:https%3A%2F%2Fwww.fedebon.fr%2F48%2Fles-avantages-des-cheques-fedebon48%2Fun-chef-dentreprise%2F\u00a0\u00bb css=\u00a0\u00bb.vc_custom_1636466553734{padding-left: 80px !important;}\u00a0\u00bb][vc_empty_space][\/vc_column][\/vc_row][vc_row][vc_column][vc_separator style=\u00a0\u00bbdouble\u00a0\u00bb border_width=\u00a0\u00bb2&Prime;][vc_empty_space][\/vc_column][\/vc_row][vc_row][vc_column width=\u00a0\u00bb2\/3&Prime;][vc_column_text css_animation=\u00a0\u00bbtop-to-bottom\u00a0\u00bb css=\u00a0\u00bb.vc_custom_1637677289617{padding-top: 40px !important;padding-right: 20px !important;padding-bottom: 60px !important;padding-left: 20px !important;background-color: #243188 !important;border-radius: 5px !important;}\u00a0\u00bb]<\/p>\n<h3><span style=\"color: #ff0000;\">Les avantages de F\u00e9d\u00e9bon 48<\/span><\/h3>\n<ul>\n<li><span style=\"color: #ffffff;\">0% de charges sociales* (40% d&rsquo;\u00e9conomie par rapport \u00e0 une prime !)<\/span><\/li>\n<li><span style=\"color: #ffffff;\">0% d&rsquo;imposition pour les b\u00e9n\u00e9ficiaires<\/span><\/li>\n<li><span style=\"color: #ffffff;\">Accept\u00e9 par les commer\u00e7ants et prestataires de service adh\u00e9rents<\/span><\/li>\n<\/ul>\n<p>[\/vc_column_text][\/vc_column][vc_column width=\u00a0\u00bb1\/3&Prime;][vc_cta h2=\u00a0\u00bbCommander des ch\u00e8ques F\u00e9d\u00e9bon en ligne.\u00a0\u00bb h2_font_container=\u00a0\u00bbtag:h2|font_size:20px|text_align:left|color:%23000000|line_height:24px\u00a0\u00bb h2_use_theme_fonts=\u00a0\u00bbyes\u00a0\u00bb txt_align=\u00a0\u00bbcenter\u00a0\u00bb style=\u00a0\u00bbflat\u00a0\u00bb add_button=\u00a0\u00bbbottom\u00a0\u00bb btn_title=\u00a0\u00bbCommander\u00a0\u00bb btn_style=\u00a0\u00bbflat\u00a0\u00bb btn_color=\u00a0\u00bbtheme_style_2&Prime; btn_align=\u00a0\u00bbcenter\u00a0\u00bb btn_i_icon_fontawesome=\u00a0\u00bbstm-cart-2&Prime; css_animation=\u00a0\u00bbappear\u00a0\u00bb use_custom_fonts_h2=\u00a0\u00bbtrue\u00a0\u00bb btn_button_block=\u00a0\u00bbtrue\u00a0\u00bb btn_add_icon=\u00a0\u00bbtrue\u00a0\u00bb el_class=\u00a0\u00bbthird_bg_color\u00a0\u00bb css=\u00a0\u00bb.vc_custom_1635430829476{padding-top: 20px !important;padding-right: 20px !important;padding-bottom: 20px !important;padding-left: 20px !important;background-color: #fbba00 !important;}\u00a0\u00bb btn_link=\u00a0\u00bburl:http%3A%2F%2Fwww.fedebon.fr%2F48%2Fcommander%2F||\u00a0\u00bb]<a href=\"https:\/\/www.fedebon.fr\/48\/commander\/\"><img loading=\"lazy\" class=\"size-medium wp-image-2104 aligncenter\" src=\"https:\/\/www.fedebon.fr\/48\/wp-content\/uploads\/sites\/9\/2021\/10\/specimen.jpg\" alt=\"cheque-fedebon\" width=\"300\" height=\"142\" \/><\/a>[\/vc_cta][\/vc_column][\/vc_row]<\/p>\n","protected":false},"excerpt":{"rendered":"<p>[vc_row][vc_column][vc_custom_heading text=\u00a0\u00bbCe que F\u00e9d\u00e9bon 48 peut vous apporter\u00a0\u00bb google_fonts=\u00a0\u00bbfont_family:Montserrat%3Aregular%2C700|font_style:400%20regular%3A400%3Anormal\u00a0\u00bb subtitle=\u00a0\u00bbChoisissez la cat\u00e9gorie qui vous correspond :\u00a0\u00bb][vc_empty_space][\/vc_column][\/vc_row][vc_row][vc_column width=\u00a0\u00bb1\/3&Prime; css=\u00a0\u00bb.vc_custom_1464181327937{border-radius: 3px !important;}\u00a0\u00bb][vc_custom_heading icon=\u00a0\u00bbfas fa-shopping-bag\u00a0\u00bb icon_size=\u00a0\u00bb50&Prime; text=\u00a0\u00bbCommer\u00e7ant\u00a0\u00bb font_container=\u00a0\u00bbtag:h3|text_align:left\u00a0\u00bb google_fonts=\u00a0\u00bbfont_family:Montserrat%3Aregular%2C700|font_style:400%20regular%3A400%3Anormal\u00a0\u00bb subtitle=\u00a0\u00bbUne bonne fa\u00e7on de fid\u00e9liser votre client\u00e8le !\u00a0\u00bb link=\u00a0\u00bburl:https%3A%2F%2Fwww.fedebon.fr%2F48%2Fles-avantages-des-cheques-fedebon48%2Fun-commercant%2F\u00a0\u00bb][vc_btn title=\u00a0\u00bb+ d&rsquo;infos\u00a0\u00bb style=\u00a0\u00bbflat\u00a0\u00bb color=\u00a0\u00bbtheme_style_1&Prime; align=\u00a0\u00bbleft\u00a0\u00bb i_icon_fontawesome=\u00a0\u00bb\u00a0\u00bb css_animation=\u00a0\u00bbright-to-left\u00a0\u00bb add_icon=\u00a0\u00bbtrue\u00a0\u00bb link=\u00a0\u00bburl:https%3A%2F%2Fwww.fedebon.fr%2F48%2Fles-avantages-des-cheques-fedebon48%2Fun-commercant%2F\u00a0\u00bb css=\u00a0\u00bb.vc_custom_1636466490098{padding-left: 80px !important;}\u00a0\u00bb][vc_empty_space height=\u00a0\u00bb60px\u00a0\u00bb][\/vc_column][vc_column width=\u00a0\u00bb1\/3&Prime;][vc_custom_heading icon=\u00a0\u00bbstm-truck\u00a0\u00bb icon_size=\u00a0\u00bb50&Prime; text=\u00a0\u00bbArtisan\u00a0\u00bb font_container=\u00a0\u00bbtag:h3|text_align:left\u00a0\u00bb google_fonts=\u00a0\u00bbfont_family:Montserrat%3Aregular%2C700|font_style:400%20regular%3A400%3Anormal\u00a0\u00bb link=\u00a0\u00bburl:https%3A%2F%2Fwww.fedebon.fr%2F48%2Fles-avantages-des-cheques-fedebon48%2Fun-artisan%2F\u00a0\u00bb<\/p>\n","protected":false},"author":1,"featured_media":0,"parent":0,"menu_order":0,"comment_status":"closed","ping_status":"closed","template":"","meta":[],"yoast_head":"<!-- This site is optimized with the Yoast SEO plugin v19.4 - https:\/\/yoast.com\/wordpress\/plugins\/seo\/ -->\n<title>Les avantages des ch\u00e8ques-cadeaux F\u00e9d\u00e9bon 48 - F\u00e9d\u00e9bon 48<\/title>\n<meta name=\"robots\" content=\"index, follow, max-snippet:-1, max-image-preview:large, max-video-preview:-1\" \/>\n<link rel=\"canonical\" href=\"https:\/\/www.fedebon.fr\/48\/les-avantages-des-cheques-fedebon48\/\" \/>\n<meta property=\"og:locale\" content=\"fr_FR\" \/>\n<meta property=\"og:type\" content=\"article\" \/>\n<meta property=\"og:title\" content=\"Les avantages des ch\u00e8ques-cadeaux F\u00e9d\u00e9bon 48 - F\u00e9d\u00e9bon 48\" \/>\n<meta property=\"og:description\" content=\"[vc_row][vc_column][vc_custom_heading text=\u00a0\u00bbCe que F\u00e9d\u00e9bon 48 peut vous apporter\u00a0\u00bb google_fonts=\u00a0\u00bbfont_family:Montserrat%3Aregular%2C700|font_style:400%20regular%3A400%3Anormal\u00a0\u00bb subtitle=\u00a0\u00bbChoisissez la cat\u00e9gorie qui vous correspond :\u00a0\u00bb][vc_empty_space][\/vc_column][\/vc_row][vc_row][vc_column width=\u00a0\u00bb1\/3&Prime; css=\u00a0\u00bb.vc_custom_1464181327937{border-radius: 3px !important;}\u00a0\u00bb][vc_custom_heading icon=\u00a0\u00bbfas fa-shopping-bag\u00a0\u00bb icon_size=\u00a0\u00bb50&Prime; text=\u00a0\u00bbCommer\u00e7ant\u00a0\u00bb font_container=\u00a0\u00bbtag:h3|text_align:left\u00a0\u00bb google_fonts=\u00a0\u00bbfont_family:Montserrat%3Aregular%2C700|font_style:400%20regular%3A400%3Anormal\u00a0\u00bb subtitle=\u00a0\u00bbUne bonne fa\u00e7on de fid\u00e9liser votre client\u00e8le !\u00a0\u00bb link=\u00a0\u00bburl:https%3A%2F%2Fwww.fedebon.fr%2F48%2Fles-avantages-des-cheques-fedebon48%2Fun-commercant%2F\u00a0\u00bb][vc_btn title=\u00a0\u00bb+ d&rsquo;infos\u00a0\u00bb style=\u00a0\u00bbflat\u00a0\u00bb color=\u00a0\u00bbtheme_style_1&Prime; align=\u00a0\u00bbleft\u00a0\u00bb i_icon_fontawesome=\u00a0\u00bb\u00a0\u00bb css_animation=\u00a0\u00bbright-to-left\u00a0\u00bb add_icon=\u00a0\u00bbtrue\u00a0\u00bb link=\u00a0\u00bburl:https%3A%2F%2Fwww.fedebon.fr%2F48%2Fles-avantages-des-cheques-fedebon48%2Fun-commercant%2F\u00a0\u00bb css=\u00a0\u00bb.vc_custom_1636466490098{padding-left: 80px !important;}\u00a0\u00bb][vc_empty_space height=\u00a0\u00bb60px\u00a0\u00bb][\/vc_column][vc_column width=\u00a0\u00bb1\/3&Prime;][vc_custom_heading icon=\u00a0\u00bbstm-truck\u00a0\u00bb icon_size=\u00a0\u00bb50&Prime; text=\u00a0\u00bbArtisan\u00a0\u00bb font_container=\u00a0\u00bbtag:h3|text_align:left\u00a0\u00bb google_fonts=\u00a0\u00bbfont_family:Montserrat%3Aregular%2C700|font_style:400%20regular%3A400%3Anormal\u00a0\u00bb link=\u00a0\u00bburl:https%3A%2F%2Fwww.fedebon.fr%2F48%2Fles-avantages-des-cheques-fedebon48%2Fun-artisan%2F\u00a0\u00bb\" \/>\n<meta property=\"og:url\" content=\"https:\/\/www.fedebon.fr\/48\/les-avantages-des-cheques-fedebon48\/\" \/>\n<meta property=\"og:site_name\" content=\"F\u00e9d\u00e9bon 48\" \/>\n<meta property=\"article:publisher\" content=\"https:\/\/www.facebook.com\/Fedebon11-1564123283891006\/\" \/>\n<meta property=\"article:modified_time\" content=\"2021-11-23T14:21:35+00:00\" \/>\n<meta property=\"og:image\" content=\"https:\/\/www.fedebon.fr\/48\/wp-content\/uploads\/sites\/9\/2021\/10\/specimen.jpg\" \/>\n<meta name=\"twitter:label1\" content=\"Dur\u00e9e de lecture estim\u00e9e\" \/>\n\t<meta name=\"twitter:data1\" content=\"2 minutes\" \/>\n<script type=\"application\/ld+json\" class=\"yoast-schema-graph\">{\"@context\":\"https:\/\/schema.org\",\"@graph\":[{\"@type\":\"WebSite\",\"@id\":\"https:\/\/www.fedebon.fr\/48\/#website\",\"url\":\"https:\/\/www.fedebon.fr\/48\/\",\"name\":\"F\u00e9d\u00e9bon 48\",\"description\":\"F\u00e9d\u00e9bon 48 est un ch\u00e8que cadeau mis \u00e0 la disposition des entreprises, collectivit\u00e9s, et des comit\u00e9s d&#039;entreprise.\",\"potentialAction\":[{\"@type\":\"SearchAction\",\"target\":{\"@type\":\"EntryPoint\",\"urlTemplate\":\"https:\/\/www.fedebon.fr\/48\/?s={search_term_string}\"},\"query-input\":\"required name=search_term_string\"}],\"inLanguage\":\"fr-FR\"},{\"@type\":\"WebPage\",\"@id\":\"https:\/\/www.fedebon.fr\/48\/les-avantages-des-cheques-fedebon48\/\",\"url\":\"https:\/\/www.fedebon.fr\/48\/les-avantages-des-cheques-fedebon48\/\",\"name\":\"Les avantages des ch\u00e8ques-cadeaux F\u00e9d\u00e9bon 48 - F\u00e9d\u00e9bon 48\",\"isPartOf\":{\"@id\":\"https:\/\/www.fedebon.fr\/48\/#website\"},\"datePublished\":\"2021-10-28T14:16:57+00:00\",\"dateModified\":\"2021-11-23T14:21:35+00:00\",\"breadcrumb\":{\"@id\":\"https:\/\/www.fedebon.fr\/48\/les-avantages-des-cheques-fedebon48\/#breadcrumb\"},\"inLanguage\":\"fr-FR\",\"potentialAction\":[{\"@type\":\"ReadAction\",\"target\":[\"https:\/\/www.fedebon.fr\/48\/les-avantages-des-cheques-fedebon48\/\"]}]},{\"@type\":\"BreadcrumbList\",\"@id\":\"https:\/\/www.fedebon.fr\/48\/les-avantages-des-cheques-fedebon48\/#breadcrumb\",\"itemListElement\":[{\"@type\":\"ListItem\",\"position\":1,\"name\":\"Accueil\",\"item\":\"https:\/\/www.fedebon.fr\/48\/\"},{\"@type\":\"ListItem\",\"position\":2,\"name\":\"Les avantages des ch\u00e8ques-cadeaux F\u00e9d\u00e9bon 48\"}]}]}<\/script>\n<!-- \/ Yoast SEO plugin. -->","yoast_head_json":{"title":"Les avantages des ch\u00e8ques-cadeaux F\u00e9d\u00e9bon 48 - F\u00e9d\u00e9bon 48","robots":{"index":"index","follow":"follow","max-snippet":"max-snippet:-1","max-image-preview":"max-image-preview:large","max-video-preview":"max-video-preview:-1"},"canonical":"https:\/\/www.fedebon.fr\/48\/les-avantages-des-cheques-fedebon48\/","og_locale":"fr_FR","og_type":"article","og_title":"Les avantages des ch\u00e8ques-cadeaux F\u00e9d\u00e9bon 48 - F\u00e9d\u00e9bon 48","og_description":"[vc_row][vc_column][vc_custom_heading text=\u00a0\u00bbCe que F\u00e9d\u00e9bon 48 peut vous apporter\u00a0\u00bb google_fonts=\u00a0\u00bbfont_family:Montserrat%3Aregular%2C700|font_style:400%20regular%3A400%3Anormal\u00a0\u00bb subtitle=\u00a0\u00bbChoisissez la cat\u00e9gorie qui vous correspond :\u00a0\u00bb][vc_empty_space][\/vc_column][\/vc_row][vc_row][vc_column width=\u00a0\u00bb1\/3&Prime; css=\u00a0\u00bb.vc_custom_1464181327937{border-radius: 3px !important;}\u00a0\u00bb][vc_custom_heading icon=\u00a0\u00bbfas fa-shopping-bag\u00a0\u00bb icon_size=\u00a0\u00bb50&Prime; text=\u00a0\u00bbCommer\u00e7ant\u00a0\u00bb font_container=\u00a0\u00bbtag:h3|text_align:left\u00a0\u00bb google_fonts=\u00a0\u00bbfont_family:Montserrat%3Aregular%2C700|font_style:400%20regular%3A400%3Anormal\u00a0\u00bb subtitle=\u00a0\u00bbUne bonne fa\u00e7on de fid\u00e9liser votre client\u00e8le !\u00a0\u00bb link=\u00a0\u00bburl:https%3A%2F%2Fwww.fedebon.fr%2F48%2Fles-avantages-des-cheques-fedebon48%2Fun-commercant%2F\u00a0\u00bb][vc_btn title=\u00a0\u00bb+ d&rsquo;infos\u00a0\u00bb style=\u00a0\u00bbflat\u00a0\u00bb color=\u00a0\u00bbtheme_style_1&Prime; align=\u00a0\u00bbleft\u00a0\u00bb i_icon_fontawesome=\u00a0\u00bb\u00a0\u00bb css_animation=\u00a0\u00bbright-to-left\u00a0\u00bb add_icon=\u00a0\u00bbtrue\u00a0\u00bb link=\u00a0\u00bburl:https%3A%2F%2Fwww.fedebon.fr%2F48%2Fles-avantages-des-cheques-fedebon48%2Fun-commercant%2F\u00a0\u00bb css=\u00a0\u00bb.vc_custom_1636466490098{padding-left: 80px !important;}\u00a0\u00bb][vc_empty_space height=\u00a0\u00bb60px\u00a0\u00bb][\/vc_column][vc_column width=\u00a0\u00bb1\/3&Prime;][vc_custom_heading icon=\u00a0\u00bbstm-truck\u00a0\u00bb icon_size=\u00a0\u00bb50&Prime; text=\u00a0\u00bbArtisan\u00a0\u00bb font_container=\u00a0\u00bbtag:h3|text_align:left\u00a0\u00bb google_fonts=\u00a0\u00bbfont_family:Montserrat%3Aregular%2C700|font_style:400%20regular%3A400%3Anormal\u00a0\u00bb link=\u00a0\u00bburl:https%3A%2F%2Fwww.fedebon.fr%2F48%2Fles-avantages-des-cheques-fedebon48%2Fun-artisan%2F\u00a0\u00bb","og_url":"https:\/\/www.fedebon.fr\/48\/les-avantages-des-cheques-fedebon48\/","og_site_name":"F\u00e9d\u00e9bon 48","article_publisher":"https:\/\/www.facebook.com\/Fedebon11-1564123283891006\/","article_modified_time":"2021-11-23T14:21:35+00:00","og_image":[{"url":"https:\/\/www.fedebon.fr\/48\/wp-content\/uploads\/sites\/9\/2021\/10\/specimen.jpg"}],"twitter_misc":{"Dur\u00e9e de lecture estim\u00e9e":"2 minutes"},"schema":{"@context":"https:\/\/schema.org","@graph":[{"@type":"WebSite","@id":"https:\/\/www.fedebon.fr\/48\/#website","url":"https:\/\/www.fedebon.fr\/48\/","name":"F\u00e9d\u00e9bon 48","description":"F\u00e9d\u00e9bon 48 est un ch\u00e8que cadeau mis \u00e0 la disposition des entreprises, collectivit\u00e9s, et des comit\u00e9s d&#039;entreprise.","potentialAction":[{"@type":"SearchAction","target":{"@type":"EntryPoint","urlTemplate":"https:\/\/www.fedebon.fr\/48\/?s={search_term_string}"},"query-input":"required name=search_term_string"}],"inLanguage":"fr-FR"},{"@type":"WebPage","@id":"https:\/\/www.fedebon.fr\/48\/les-avantages-des-cheques-fedebon48\/","url":"https:\/\/www.fedebon.fr\/48\/les-avantages-des-cheques-fedebon48\/","name":"Les avantages des ch\u00e8ques-cadeaux F\u00e9d\u00e9bon 48 - F\u00e9d\u00e9bon 48","isPartOf":{"@id":"https:\/\/www.fedebon.fr\/48\/#website"},"datePublished":"2021-10-28T14:16:57+00:00","dateModified":"2021-11-23T14:21:35+00:00","breadcrumb":{"@id":"https:\/\/www.fedebon.fr\/48\/les-avantages-des-cheques-fedebon48\/#breadcrumb"},"inLanguage":"fr-FR","potentialAction":[{"@type":"ReadAction","target":["https:\/\/www.fedebon.fr\/48\/les-avantages-des-cheques-fedebon48\/"]}]},{"@type":"BreadcrumbList","@id":"https:\/\/www.fedebon.fr\/48\/les-avantages-des-cheques-fedebon48\/#breadcrumb","itemListElement":[{"@type":"ListItem","position":1,"name":"Accueil","item":"https:\/\/www.fedebon.fr\/48\/"},{"@type":"ListItem","position":2,"name":"Les avantages des ch\u00e8ques-cadeaux F\u00e9d\u00e9bon 48"}]}]}},"_links":{"self":[{"href":"https:\/\/www.fedebon.fr\/48\/wp-json\/wp\/v2\/pages\/29"}],"collection":[{"href":"https:\/\/www.fedebon.fr\/48\/wp-json\/wp\/v2\/pages"}],"about":[{"href":"https:\/\/www.fedebon.fr\/48\/wp-json\/wp\/v2\/types\/page"}],"author":[{"embeddable":true,"href":"https:\/\/www.fedebon.fr\/48\/wp-json\/wp\/v2\/users\/1"}],"replies":[{"embeddable":true,"href":"https:\/\/www.fedebon.fr\/48\/wp-json\/wp\/v2\/comments?post=29"}],"version-history":[{"count":8,"href":"https:\/\/www.fedebon.fr\/48\/wp-json\/wp\/v2\/pages\/29\/revisions"}],"predecessor-version":[{"id":499,"href":"https:\/\/www.fedebon.fr\/48\/wp-json\/wp\/v2\/pages\/29\/revisions\/499"}],"wp:attachment":[{"href":"https:\/\/www.fedebon.fr\/48\/wp-json\/wp\/v2\/media?parent=29"}],"curies":[{"name":"wp","href":"https:\/\/api.w.org\/{rel}","templated":true}]}}