{"id":43,"date":"2016-08-29T14:29:30","date_gmt":"2016-08-29T12:29:30","guid":{"rendered":"http:\/\/www.fedebon.fr\/28\/?page_id=43"},"modified":"2022-01-04T15:44:42","modified_gmt":"2022-01-04T14:44:42","slug":"commander","status":"publish","type":"page","link":"https:\/\/www.fedebon.fr\/28\/commander\/","title":{"rendered":"Commander"},"content":{"rendered":"<p>[vc_row][vc_column][vc_custom_heading text=\u00a0\u00bbVous souhaitez offrir des F\u00e9d\u00e9bon 28 ? Commandez les depuis notre site, c&rsquo;est gratuit !\u00a0\u00bb font_container=\u00a0\u00bbtag:h3|text_align:left\u00a0\u00bb google_fonts=\u00a0\u00bbfont_family:Montserrat%3Aregular%2C700|font_style:400%20regular%3A400%3Anormal\u00a0\u00bb][\/vc_column][\/vc_row][vc_row][vc_column width=\u00a0\u00bb1\/2&Prime;][vc_column_text css_animation=\u00a0\u00bbtop-to-bottom\u00a0\u00bb]<\/p>\n<h4>Commander en ligne sur le site<\/h4>\n<p>Commandez depuis notre site internet en choisissant vos carnets dans notre catalogue ci-dessous :<\/p>\n<p>Choisissez le visuel de la page de garde[\/vc_column_text][\/vc_column][vc_column width=\u00a0\u00bb1\/2&Prime;][vc_column_text css_animation=\u00a0\u00bbtop-to-bottom\u00a0\u00bb]<\/p>\n<h4>Commander par email<\/h4>\n<p><a href=\"https:\/\/www.fedebon.fr\/28\/wp-content\/uploads\/sites\/3\/2020\/03\/BDC-FEDEBON28-2020.pdf\">T\u00e9l\u00e9charger le bon de commande Entreprise (PDF)<\/a><\/p>\n<p><a href=\"https:\/\/www.fedebon.fr\/28\/wp-content\/uploads\/sites\/3\/2020\/10\/BDC-FEDEBON28-2020-PART.pdf\">T\u00e9l\u00e9charger le bon de commande Particulier (PDF)<\/a><br \/>\nApr\u00e8s l&rsquo;avoir rempli, retournez-le par email \u00e0\u00a0<a href=\"mailto:sabine.coipeau@cci28.fr\">sabine.coipeau@cci28.fr<\/a>[\/vc_column_text][\/vc_column][\/vc_row][vc_row][vc_column]<div class=\"woocommerce columns-3 \"><ul class=\"products columns-3\">\n<li class=\"tm-has-options product type-product post-130 status-publish first instock product_cat-non-classe has-post-thumbnail shipping-taxable purchasable product-type-simple\">\n\t<\/li>\n<li class=\"tm-has-options product type-product post-134 status-publish instock product_cat-non-classe has-post-thumbnail shipping-taxable purchasable product-type-simple\">\n\t<\/li>\n<\/ul>\n<\/div>[\/vc_column][\/vc_row]<\/p>\n<h4>Achetez vos ch\u00e8ques cadeaux directement dans un point de revente<\/h4>\n<p>Les ch\u00e8ques cadeaux F\u00e9d\u00e9bon 28 sous forme de carnet de 10 \u20ac, 20 \u20ac et 50 \u20ac sont disponibles dans les commerces suivants :<\/p>\n<p>&#8211;<a href=\"https:\/\/www.facebook.com\/Anetbyterredefemme\/\"><em><strong>Anet by &#8230; Terre de Femme<\/strong><\/em><\/a>, 2 rue Lechevrel \u00e0 Anet<\/p>\n<p>&#8211;<strong><em><a href=\"https:\/\/bijouteriemillemeunier.fr\/\">Bijouterie Mille-Meunier<\/a>,<\/em><\/strong>\u00a039 Rue Villette G\u00e2te \u00e0\u00a0 Nogent-le-Rotrou<\/p>\n<p>&#8211;<em><strong><a href=\"https:\/\/www.creattitudes.net\/\">Cr\u00e9Attitude<\/a><\/strong><\/em>, 33C rue des Pierres Missigault \u00e0 Barjouville<\/p>\n<p>&#8211;<em><strong><a href=\"https:\/\/www.facebook.com\/cavechairobert\">Cave Chai Robert<\/a><\/strong>,<\/em> 69 rue de Chartres \u00e0 Bonneval<\/p>\n<p>&#8211;<em><strong><a href=\"https:\/\/www.intermarche.com\/magasin?utm_source=gmb\">Intermarch\u00e9\u00a0<\/a><\/strong><\/em>, 1 rue des Alouettes \u00e0 Brou<\/p>\n<p>&#8211;\u00a0<em><strong><a href=\"https:\/\/www.esperluete.fr\/\">L&rsquo;esperlu\u00e8te<\/a><\/strong><\/em>, 10 rue No\u00ebl Ballay \u00e0 Chartres<\/p>\n<p>&#8211;<a href=\"https:\/\/www.facebook.com\/MaevaBoutiqueChateaudun\/\"><em><strong>Maeva Boutique<\/strong><\/em><\/a>, 20 rue P\u00e9an \u00e0 Ch\u00e2teaudun<\/p>\n<p>&#8211;<a href=\"https:\/\/www.facebook.com\/terredefemmedreux\/\"><strong><em>Terre de Femme<\/em><\/strong><\/a>, 31 rue Saint Martin \u00e0 Dreux<\/p>\n<p>&nbsp;<\/p>\n<p>N&rsquo;attendez plus pour en acheter.<\/p>\n<h1><\/h1>\n","protected":false},"excerpt":{"rendered":"<p>[vc_row][vc_column][vc_custom_heading text=\u00a0\u00bbVous souhaitez offrir des F\u00e9d\u00e9bon 28 ? Commandez les depuis notre site, c&rsquo;est gratuit !\u00a0\u00bb font_container=\u00a0\u00bbtag:h3|text_align:left\u00a0\u00bb google_fonts=\u00a0\u00bbfont_family:Montserrat%3Aregular%2C700|font_style:400%20regular%3A400%3Anormal\u00a0\u00bb][\/vc_column][\/vc_row][vc_row][vc_column width=\u00a0\u00bb1\/2&Prime;][vc_column_text css_animation=\u00a0\u00bbtop-to-bottom\u00a0\u00bb] Commander en ligne sur le site Commandez depuis notre site internet en choisissant vos carnets dans notre catalogue ci-dessous : Choisissez le visuel de la page de garde[\/vc_column_text][\/vc_column][vc_column width=\u00a0\u00bb1\/2&Prime;][vc_column_text css_animation=\u00a0\u00bbtop-to-bottom\u00a0\u00bb] Commander par email T\u00e9l\u00e9charger le<\/p>\n","protected":false},"author":1,"featured_media":0,"parent":0,"menu_order":0,"comment_status":"closed","ping_status":"closed","template":"","meta":[],"yoast_head":"<!-- This site is optimized with the Yoast SEO plugin v19.4 - https:\/\/yoast.com\/wordpress\/plugins\/seo\/ -->\n<title>Commander des ch\u00e8ques cadeaux F\u00e9d\u00e9bon 28<\/title>\n<meta name=\"description\" content=\"Commander des ch\u00e8ques cadeaux f\u00e9d\u00e9bon 28 en ligne ou par email.\" \/>\n<meta name=\"robots\" content=\"index, follow, max-snippet:-1, max-image-preview:large, max-video-preview:-1\" \/>\n<link rel=\"canonical\" href=\"https:\/\/www.fedebon.fr\/28\/commander\/\" \/>\n<meta property=\"og:locale\" content=\"fr_FR\" \/>\n<meta property=\"og:type\" content=\"article\" \/>\n<meta property=\"og:title\" content=\"Commander des ch\u00e8ques cadeaux F\u00e9d\u00e9bon 28\" \/>\n<meta property=\"og:description\" content=\"Commander des ch\u00e8ques cadeaux f\u00e9d\u00e9bon 28 en ligne ou par email.\" \/>\n<meta property=\"og:url\" content=\"https:\/\/www.fedebon.fr\/28\/commander\/\" \/>\n<meta property=\"og:site_name\" content=\"F\u00e9d\u00e9bon 28\" \/>\n<meta property=\"article:modified_time\" content=\"2022-01-04T14:44:42+00:00\" \/>\n<meta name=\"twitter:card\" content=\"summary\" \/>\n<meta name=\"twitter:label1\" content=\"Dur\u00e9e de lecture estim\u00e9e\" \/>\n\t<meta name=\"twitter:data1\" content=\"1 minute\" \/>\n<script type=\"application\/ld+json\" class=\"yoast-schema-graph\">{\"@context\":\"https:\/\/schema.org\",\"@graph\":[{\"@type\":\"WebSite\",\"@id\":\"https:\/\/www.fedebon.fr\/28\/#website\",\"url\":\"https:\/\/www.fedebon.fr\/28\/\",\"name\":\"F\u00e9d\u00e9bon 28\",\"description\":\"F\u00e9d\u00e9bon 28 est un ch\u00e8que cadeau mis \u00e0 la disposition des entreprises, collectivit\u00e9s, et des comit\u00e9s d&#039;entreprise.\",\"potentialAction\":[{\"@type\":\"SearchAction\",\"target\":{\"@type\":\"EntryPoint\",\"urlTemplate\":\"https:\/\/www.fedebon.fr\/28\/?s={search_term_string}\"},\"query-input\":\"required name=search_term_string\"}],\"inLanguage\":\"fr-FR\"},{\"@type\":\"WebPage\",\"@id\":\"https:\/\/www.fedebon.fr\/28\/commander\/\",\"url\":\"https:\/\/www.fedebon.fr\/28\/commander\/\",\"name\":\"Commander des ch\u00e8ques cadeaux F\u00e9d\u00e9bon 28\",\"isPartOf\":{\"@id\":\"https:\/\/www.fedebon.fr\/28\/#website\"},\"datePublished\":\"2016-08-29T12:29:30+00:00\",\"dateModified\":\"2022-01-04T14:44:42+00:00\",\"description\":\"Commander des ch\u00e8ques cadeaux f\u00e9d\u00e9bon 28 en ligne ou par email.\",\"breadcrumb\":{\"@id\":\"https:\/\/www.fedebon.fr\/28\/commander\/#breadcrumb\"},\"inLanguage\":\"fr-FR\",\"potentialAction\":[{\"@type\":\"ReadAction\",\"target\":[\"https:\/\/www.fedebon.fr\/28\/commander\/\"]}]},{\"@type\":\"BreadcrumbList\",\"@id\":\"https:\/\/www.fedebon.fr\/28\/commander\/#breadcrumb\",\"itemListElement\":[{\"@type\":\"ListItem\",\"position\":1,\"name\":\"Accueil\",\"item\":\"https:\/\/www.fedebon.fr\/28\/\"},{\"@type\":\"ListItem\",\"position\":2,\"name\":\"Commander\"}]}]}<\/script>\n<!-- \/ Yoast SEO plugin. -->","yoast_head_json":{"title":"Commander des ch\u00e8ques cadeaux F\u00e9d\u00e9bon 28","description":"Commander des ch\u00e8ques cadeaux f\u00e9d\u00e9bon 28 en ligne ou par email.","robots":{"index":"index","follow":"follow","max-snippet":"max-snippet:-1","max-image-preview":"max-image-preview:large","max-video-preview":"max-video-preview:-1"},"canonical":"https:\/\/www.fedebon.fr\/28\/commander\/","og_locale":"fr_FR","og_type":"article","og_title":"Commander des ch\u00e8ques cadeaux F\u00e9d\u00e9bon 28","og_description":"Commander des ch\u00e8ques cadeaux f\u00e9d\u00e9bon 28 en ligne ou par email.","og_url":"https:\/\/www.fedebon.fr\/28\/commander\/","og_site_name":"F\u00e9d\u00e9bon 28","article_modified_time":"2022-01-04T14:44:42+00:00","twitter_card":"summary","twitter_misc":{"Dur\u00e9e de lecture estim\u00e9e":"1 minute"},"schema":{"@context":"https:\/\/schema.org","@graph":[{"@type":"WebSite","@id":"https:\/\/www.fedebon.fr\/28\/#website","url":"https:\/\/www.fedebon.fr\/28\/","name":"F\u00e9d\u00e9bon 28","description":"F\u00e9d\u00e9bon 28 est un ch\u00e8que cadeau mis \u00e0 la disposition des entreprises, collectivit\u00e9s, et des comit\u00e9s d&#039;entreprise.","potentialAction":[{"@type":"SearchAction","target":{"@type":"EntryPoint","urlTemplate":"https:\/\/www.fedebon.fr\/28\/?s={search_term_string}"},"query-input":"required name=search_term_string"}],"inLanguage":"fr-FR"},{"@type":"WebPage","@id":"https:\/\/www.fedebon.fr\/28\/commander\/","url":"https:\/\/www.fedebon.fr\/28\/commander\/","name":"Commander des ch\u00e8ques cadeaux F\u00e9d\u00e9bon 28","isPartOf":{"@id":"https:\/\/www.fedebon.fr\/28\/#website"},"datePublished":"2016-08-29T12:29:30+00:00","dateModified":"2022-01-04T14:44:42+00:00","description":"Commander des ch\u00e8ques cadeaux f\u00e9d\u00e9bon 28 en ligne ou par email.","breadcrumb":{"@id":"https:\/\/www.fedebon.fr\/28\/commander\/#breadcrumb"},"inLanguage":"fr-FR","potentialAction":[{"@type":"ReadAction","target":["https:\/\/www.fedebon.fr\/28\/commander\/"]}]},{"@type":"BreadcrumbList","@id":"https:\/\/www.fedebon.fr\/28\/commander\/#breadcrumb","itemListElement":[{"@type":"ListItem","position":1,"name":"Accueil","item":"https:\/\/www.fedebon.fr\/28\/"},{"@type":"ListItem","position":2,"name":"Commander"}]}]}},"_links":{"self":[{"href":"https:\/\/www.fedebon.fr\/28\/wp-json\/wp\/v2\/pages\/43"}],"collection":[{"href":"https:\/\/www.fedebon.fr\/28\/wp-json\/wp\/v2\/pages"}],"about":[{"href":"https:\/\/www.fedebon.fr\/28\/wp-json\/wp\/v2\/types\/page"}],"author":[{"embeddable":true,"href":"https:\/\/www.fedebon.fr\/28\/wp-json\/wp\/v2\/users\/1"}],"replies":[{"embeddable":true,"href":"https:\/\/www.fedebon.fr\/28\/wp-json\/wp\/v2\/comments?post=43"}],"version-history":[{"count":23,"href":"https:\/\/www.fedebon.fr\/28\/wp-json\/wp\/v2\/pages\/43\/revisions"}],"predecessor-version":[{"id":2970,"href":"https:\/\/www.fedebon.fr\/28\/wp-json\/wp\/v2\/pages\/43\/revisions\/2970"}],"wp:attachment":[{"href":"https:\/\/www.fedebon.fr\/28\/wp-json\/wp\/v2\/media?parent=43"}],"curies":[{"name":"wp","href":"https:\/\/api.w.org\/{rel}","templated":true}]}}